221111
In base 13, what is -a13bb9c + 7?
-a13bb95
In base 11, what is 263424 + -886?
262649
In base 16, what is -69 - -1bf967?
1bf8fe
In base 8, what is -63575240 - -10?
-63575230
In base 14, what is 25249c24 - -4?
25249c28
In base 4, what is 230302023102 - 12?
230302023030
In base 10, what is 1 + 2556499?
2556500
In base 10, what is -61 + -62186?
-62247
In base 13, what is -1a640aa - -1?
-1a640a9
In base 9, what is 2816488 + -13?
2816475
In base 8, what is 64440113 + 4?
64440117
In base 12, what is -47092 + 120a?
-45a84
In base 16, what is 2c6 + 21ec?
24b2
In base 5, what is 3 + -22413140332?
-22413140324
In base 8, what is -4150 + 7132?
2762
In base 14, what is 39318ad + 2?
39318b1
In base 6, what is 10124 - 3152123?
-3141555
In base 15, what is -3 + -5e5248?
-5e524b
In base 9, what is -1745 + -47431?
-50276
In base 14, what is 1d80ab3 + -2?
1d80ab1
In base 11, what is -4013a4673 + 5?
-4013a4669
In base 13, what is -48c7 + 1c45?
-2982
In base 11, what is -30a778 - 1a?
-30a797
In base 12, what is -2b - 131874a?
-1318779
In base 7, what is 143 - -34140502?
34140645
In base 4, what is -1133232233 + 1111?
-1133231122
In base 11, what is -69293 + 253?
-69040
In base 6, what is -5 - -1422015352?
1422015343
In base 13, what is -3 - -7b38bc?
7b38b9
In base 8, what is -12173 - 1534?
-13727
In base 15, what is -a6 - 2183?
-2239
In base 10, what is -56028 + -5?
-56033
In base 15, what is 2a24 + -1ba8?
d6b
In base 13, what is -3 - 395784?
-395787
In base 10, what is 349 + -191294?
-190945
In base 11, what is -3 + 34210?
34208
In base 14, what is -13d1a + 4d?
-13cab
In base 9, what is 16524 + 30?
16554
In base 8, what is 2 - -1473610?
1473612
In base 13, what is b - 3cc1990?
-3cc1982
In base 12, what is 568 + 2a87?
3433
In base 3, what is 20011 - -120021?
210102
In base 8, what is 555 - -4051051?
4051626
In base 4, what is 2231022230 - -210?
2231023100
In base 9, what is 110 + 150211?
150321
In base 16, what is 4abb - -c7?
4b82
In base 2, what is 10 + 10100100011011110101010001?
10100100011011110101010011
In base 9, what is -156304 - -8318?
-146875
In base 7, what is 0 + 346133221?
346133221
In base 5, what is -114414 - 33414?
-203333
In base 7, what is 3 - -222326356?
222326362
In base 13, what is 4 - 630538b?
-6305387
In base 12, what is 45a7b60 - a?
45a7b52
In base 9, what is 161 + 72843?
73114
In base 4, what is -130 - -3331112112?
3331111322
In base 12, what is 15a7272 + 12?
15a7284
In base 14, what is 5 - -252b3ab?
252b3b2
In base 7, what is 2001 + 554225?
556226
In base 10, what is -2946433 - -119?
-2946314
In base 7, what is 66 - -6046502?
6046601
In base 12, what is -1349531 + 16?
-1349517
In base 15, what is -6157 - 22?
-6179
In base 3, what is -122202222122 - -11100?
-122202211022
In base 12, what is 1689b2b - b?
1689b20
In base 3, what is 2 + 22020110011112?
22020110011121
In base 7, what is -45140 + -33053?
-111223
In base 9, what is 61 - 228077?
-228016
In base 11, what is 1808851 - 2?
180884a
In base 7, what is 364535023 + 0?
364535023
In base 10, what is -488 - -712434?
711946
In base 3, what is 212111200 - -1001221?
220120121
In base 10, what is 39443 + -223?
39220
In base 3, what is 12221010000010001 - -1?
12221010000010002
In base 10, what is 13 - -2101295?
2101308
In base 13, what is 15193 - 599?
148c7
In base 3, what is -11100110002201210 - 12?
-11100110002201222
In base 7, what is -2432 + -454354?
-460116
In base 2, what is -1100000011000011100 + 0?
-1100000011000011100
In base 16, what is 4 + 25ede2?
25ede6
In base 6, what is -121214304 - -20?
-121214244
In base 7, what is -14 - -14160164?
14160150
In base 2, what is 110 + 11001111011111011001?
11001111011111011111
In base 14, what is 5774 - 95?
56bd
In base 2, what is -100111 - 111010100110111010?
-111010100111100001
In base 14, what is -603b22 - -10?
-603b12
In base 5, what is 4 - -1212343?
1212402
In base 7, what is -16425 - -122540?
103112
In base 14, what is -12277b + 707?
-122074
In base 7, what is -1 - 26316630?
-26316631
In base 8, what is -103525255 - -4?
-103525251
In base 10, what is 540 - -301383?
301923
In base 6, what is -4 + 2400032?
2400024
In base 6, what is 143533124 - -3?
143533131
In base 5, what is 10 + 310140204?
310140214
In base 4, what is -111130303231 - -1?
-111130303230
In base 16, what is 22 - 1c5a64?
-1c5a42
In base 10, what is -1686 - -3826?
2140
In base 11, what is -3125 + 14286?
11161
In base 14, what is -132674 + a0?
-1325b4
In base 6, what is 15 + 331544225?
331544244
In base 16, what is -2757404 - 8?
-275740c
In base 8, what is 1623 + 1277547?
1301372
In base 10, what is -2074 - -6689?
4615
In base 15, what is -127 + -c2cd0?
-c2e07
In base 16, what is -34c783d9 + 2?
-34c783d7
In base 4, what is 31010 - 231201322?
-231110312
In base 13, what is 26c + -194321?
-194082
In base 3, what is -100100 + -11021210002012?
-11021210102112
In base 3, what is 212220 + -22020211?
-21100221
In base 11, what is -154a9652 - 4?
-154a9656
In base 5, what is -1 + -1131430241?
-1131430242
In base 4, what is 0 - 23032120?
-23032120
In base 10, what is -16 + -688150?
-688166
In base 16, what is 0 + 24b32d?
24b32d
In base 9, what is 13 + -166451?
-166437
In base 16, what is 1b - -157b979?
157b994
In base 13, what is 27 + 260b6c1?
260b718
In base 8, what is 30 + 10732443?
10732473
In base 4, what is -203 - 1332303213?
-1332310022
In base 12, what is 44b636 + 7?
44b641
In base 5, what is 3 - -320421334?
320421342
In base 15, what is -64a00 - 13?
-64a13
In base 13, what is -5b5c38 - 1?
-5b5c39
In base 10, what is 120043274 + 5?
120043279
In base 13, what is -23004 - 4?
-23008
In base 4, what is 123003 + 300012223?
300201232
In base 10, what is 25148168 - 4?
25148164
In base 5, what is -3122321 + -444?
-3123320
In base 9, what is -1488 - 20546?
-22145
In base 4, what is 3 + -122332223322?
-122332223313
In base 6, what is 10031 + 12420?
22451
In base 5, what is 2411132414 - 24?
2411132340
In base 2, what is 101000101100110001111001 - 0?
101000101100110001111001
In base 3, what is -10002121100112 + 12202?
-10002121010210
In base 2, what is 1 - 110001010100111011011010?
-110001010100111011011001
In base 16, what is e6f2f - 24?
e6f0b
In base 11, what is -4 + -7064033?
-7064037
In base 5, what is 140421014142 - 3?
140421014134
In base 12, what is -30 + -1157136?
-1157166
In base 11, what is -7 - 161435?
-161441
In base 13, what is 2075555 + 34?
2075589
In base 3, what is -100121211121100 + -12?
-100121211121112
In base 15, what is -a2 + 5c90e?
5c85c
In base 2, what is -100110100101000111011 - 1010001?
-100110100101010001100
In base 11, what is 0 + -1344410a2?
-1344410a2
In base 10, what is -14980 - -4089?
-10891
In base 12, what is -95b - 3659?
-43b8
In base 14, what is 64 + 15bc210?
15bc274
In base 13, what is 1004b + -4c5?
c856
In base 2, what is 10011000111110111 + 101?
10011000111111100
In base 15, what is 2218 + 607?
2820
In base 11, what is -35387a06 + -3?
-35387a09
In base 6, what is 1342551045 + -12?
1342551033
In base 15, what is 2e7c - -13c3?
4350
In base 10, what is 1904 + -8563?
-6659
In base 15, what is 3 + 17728e?
177292
In base 15, what is 372d9c7 - -16?
372d9dd
In base 9, what is 61100372 + -4?
61100367
In base 10, what is -52700 + 2717?
-49983
In base 8, what is 167534776 + -3?
167534773
In base 2, what is -1 - 10001100000001101100001?
-10001100000001101100010
In base 13, what is 40c - -a60a6?
a64b5
In base 14, what is 33ccb0 - 1cb?
33cac3
In base 10, what is 0 - -1006526?
1006526
In base 14, what is 0 - 79607b5?
-79607b5
In base 12, what is -13 + 6b719?
6b706
In base 6, what is 124 + 2144125?
2144253
In base 3, what is 0 - 12100010111122?
-12100010111122
In base 2, what is -100010 + -1001101001111011110100?
-1001101001111100010110
In base 10, what is -42211 - 11090?
-53301
In base 11, what is -17a + 1137?
a68
In base 11, what is 55219a7 - -17?
5521a13
In base 8, what is 11 + 517162143?
517162154
In base 10, what is -35 + 758480?
758445
In base 7, what is 25 + 105540500?
105540525
In base 5, what is -2411 + 2103111?
2100200
In base 13, what is 9cc2695 + 5?
9cc269a
In base 13, what is 1303bb5 - 0?
1303bb5
In base 10, what is 16 - -4659341?
4659357
In base 13, what is 212b36c0 - 4?
212b36b9
In base 11, what is 991 + 41a?
1300
In base 13, what is 2265 + 4185a?
4